{"id":3,"date":"2022-09-03T09:03:28","date_gmt":"2022-09-03T07:03:28","guid":{"rendered":"http:\/\/montaleparfums.com.tn\/?page_id=3"},"modified":"2022-09-10T08:57:33","modified_gmt":"2022-09-10T06:57:33","slug":"politique-de-confidentialite","status":"publish","type":"page","link":"https:\/\/montaleparfums.com.tn\/index.php\/politique-de-confidentialite\/","title":{"rendered":"Politique de confidentialit\u00e9"},"content":{"rendered":"\t\t<div data-elementor-type=\"wp-page\" data-elementor-id=\"3\" class=\"elementor elementor-3\">\n\t\t\t\t\t\t<section class=\"elementor-section elementor-top-section elementor-element elementor-element-3f6f8dd5 elementor-section-boxed elementor-section-height-default elementor-section-height-default\" data-id=\"3f6f8dd5\" data-element_type=\"section\">\n\t\t\t\t\t\t<div class=\"elementor-container elementor-column-gap-default\">\n\t\t\t\t\t<div class=\"elementor-column elementor-col-100 elementor-top-column elementor-element elementor-element-60c0f845\" data-id=\"60c0f845\" data-element_type=\"column\">\n\t\t\t<div class=\"elementor-widget-wrap elementor-element-populated\">\n\t\t\t\t\t\t<div class=\"elementor-element elementor-element-6642b36b elementor-widget elementor-widget-text-editor\" data-id=\"6642b36b\" data-element_type=\"widget\" data-widget_type=\"text-editor.default\">\n\t\t\t\t<div class=\"elementor-widget-container\">\n\t\t\t\t\t\t\t\t\t<h2 style=\"font-weight: 400; text-align: center;\"><strong>POLITIQUE DE CONFIDENTIALITE<\/strong><br \/><strong>ET DE PROTECTION DES DONNEES PERSONELLES<\/strong><\/h2><p style=\"font-weight: 400;\">La pr\u00e9sente politique de confidentialit\u00e9 (la \u00ab\u00a0<strong>Politique<\/strong>\u00a0\u00bb) a pour objet de d\u00e9crire de fa\u00e7on claire et synth\u00e9tique la mani\u00e8re dont la soci\u00e9t\u00e9 WTD WORLD TRADE &amp; DISTRIBUTION (\u00ab\u00a0<strong>WTD<\/strong>\u00a0\u00bb, \u00ab\u00a0<strong>Nous<\/strong>\u00a0\u00bb, \u00ab\u00a0<strong>Notre<\/strong>\u00a0\u00bb) traite les Donn\u00e9es Personnelles de ses clients.<\/p><p style=\"font-weight: 400;\">WTD accorde une grande attention \u00e0 la protection et la s\u00e9curit\u00e9 des donn\u00e9es \u00e0 caract\u00e8re personnel (\u00ab\u00a0<strong>Donn\u00e9es Personnelles<\/strong>\u00a0\u00bb) de ses clients (\u00ab\u00a0<strong>Vous<\/strong>\u00a0\u00bb, \u00ab\u00a0<strong>Vos<\/strong>\u00a0\u00bb) et se conforme aux r\u00e8gles de transparence quant \u00e0 l\u2019usage de leurs Donn\u00e9es Personnelles.<\/p><p style=\"font-weight: 400;\">La Politique \u00e9nonce par ailleurs Vos droits concernant les Donn\u00e9es Personnelles que Vous Nous communiquez. Des mentions sp\u00e9cifiques figurent, par ailleurs, sur chaque formulaire de collecte afin de Vous assurer une information compl\u00e8te avant tout traitement de Vos donn\u00e9es. Chaque utilisateur est \u00e9galement invit\u00e9 \u00e0 prendre connaissance de\u00a0<u>Notre rubrique concernant les cookies<\/u>\u00a0sur le Site.<\/p><p style=\"font-weight: 400;\">WTD est soumise, en particulier, \u00e0 la Loi Informatique et Libert\u00e9s dans sa derni\u00e8re version en vigueur ainsi qu\u2019au R\u00e8glement g\u00e9n\u00e9ral sur la protection des donn\u00e9es (\u00ab\u00a0<strong>RGPD<\/strong>\u00a0\u00bb).<\/p><p style=\"font-weight: 400;\">WTD est le responsable de Traitement de Vos Donn\u00e9es Personnelles mise en \u0153uvre dans le cadre de l\u2019activit\u00e9 du site\u00a0<a href=\"https:\/\/montaleparfums.com\/fr\/\">https:\/\/montaleparfums.com\/fr\/<\/a>\u00a0(\u00ab\u00a0<strong>Notre Site<\/strong>\u00a0\u00bb).<\/p><ol><li style=\"font-weight: 400;\"><strong> A quelles occasions collectons-Nous Vos Donn\u00e9es Personnelles ?<\/strong><\/li><\/ol><p style=\"font-weight: 400;\">Nous collectons les Donn\u00e9es Personnelles que Vous Nous fournissez directement lorsque Vous :<\/p><ul><li>Cr\u00e9ez un compte en ligne sur Notre Site ;<\/li><li>Faites des achats sur Notre Site ;<\/li><li>Acceptez de recevoir Notre newsletter ;<\/li><li>Demandez une assistance client dans le cadre par exemple du suivi d\u2019une commande ;<\/li><li>Communiquez avec Nous par l\u2019interm\u00e9diaire de r\u00e9seaux sociaux tiers tels que Facebook ou Instagram ;<\/li><li>Communiquez avec Nous par mail ou par t\u00e9l\u00e9phone dans le cadre de Notre service clients.<\/li><\/ul><p style=\"font-weight: 400;\">Enfin, Nous collectons automatiquement certaines informations Vous concernant au moyen de \u00ab cookies \u00bb lorsque Vous acc\u00e9dez \u00e0 Notre Site, utilisez ou r\u00e9alisez une transaction commerciale avec Nous. Nous Vous renvoyons pour plus de d\u00e9tail \u00e0\u00a0<a href=\"https:\/\/montaleparfums.com\/fr\/content\/21-politique-des-cookies\">Notre Politique de gestion des cookies<\/a>.<\/p><ol start=\"2\"><li style=\"font-weight: 400;\"><strong> Quelles Donn\u00e9es Personnelles recueillons-Nous ?<\/strong><\/li><\/ol><p style=\"font-weight: 400;\">Les Donn\u00e9es Personnelles que Nous recueillons directement aupr\u00e8s de Vous sont les suivantes :<\/p><ul><li>Nom et pr\u00e9nom ;<\/li><li>Adresse e-mail ;<\/li><li>Mot de passe de votre compte client ;<\/li><li>Adresse postale ;<\/li><li>Num\u00e9ro de t\u00e9l\u00e9phone ;<\/li><li>Date de naissance ;<\/li><li>Historique et d\u00e9tail des commandes ;<\/li><li>Donn\u00e9es de transaction (num\u00e9ro de transaction, num\u00e9ro de paiement, montant de l\u2019achat) ;<\/li><li>Toute autre information que Vous Nous communiquez.<\/li><\/ul><p style=\"font-weight: 400;\">Nos prestataires de service de paiement en ligne collectent Vos donn\u00e9es bancaires dans le cadre de la R\u00e9glementation Applicable et conform\u00e9ment \u00e0 leurs politiques de gestion des Donn\u00e9es Personnelles respectives que Nous Vous invitons \u00e0 consulter attentivement.<\/p><p style=\"font-weight: 400;\">Vos Donn\u00e9es \u00e0 Caract\u00e8re Personnel que Nous sommes susceptibles de recueillir automatiquement sont notamment les suivantes :<\/p><ul><li>Adresse IP ;<\/li><li>Type et version du navigateur ;<\/li><li>Type et version du syst\u00e8me d\u2019exploitation.<\/li><\/ul><ol start=\"3\"><li style=\"font-weight: 400;\"><strong> A quelles fins Vos Donn\u00e9es Personnelles sont-elles collect\u00e9es ?<\/strong><\/li><\/ol><p style=\"font-weight: 400;\">Le Traitement de Vos Donn\u00e9es Personnelles a pour objectif de Vous fournir Nos produits et d\u2019ex\u00e9cuter les commandes que Vous passez sur Notre Site.<\/p><p style=\"font-weight: 400;\">Plus particuli\u00e8rement, sur la base juridique de la n\u00e9cessit\u00e9 des donn\u00e9es personnelles concern\u00e9es pour l\u2019ex\u00e9cution du\u00a0<u>contrat que Vous passez avec Nous<\/u>\u00a0, Nous collectons Vos Donn\u00e9es Personnelles pour des finalit\u00e9s d\u00e9termin\u00e9es, explicites et l\u00e9gitimes qui sont les suivantes : cr\u00e9ation et gestion de Votre compte client ; enregistrement de commandes, gestion de leur suivi et facturation ; assistance par Notre service client ; toute op\u00e9ration relative \u00e0 la gestion de Nos clients.<\/p><p style=\"font-weight: 400;\">Nous sommes susceptibles de collecter Vos Donn\u00e9es apr\u00e8s avoir recueilli pr\u00e9alablement Votre consentement pour les finalit\u00e9s suivantes : d\u00e9p\u00f4ts de cookies pour am\u00e9liorer Votre navigation, personnaliser les contenus sur Notre Site \u2013 Nous Vous renvoyons \u00e0\u00a0<u>Notre Politique de gestion des cookies<\/u>\u00a0; partage de Vs donn\u00e9es avec des partenaires commerciaux.<\/p><p style=\"font-weight: 400;\">Enfin, Vous ne recevrez pas de message commercial de Notre part sans que Nous aillions pr\u00e9alablement recueillit Votre accord. Votre adresse \u00e9lectronique sera utilis\u00e9e \u00e0 des fins de prospection commerciale. Vous pouvez annuler ceci en contactant le service <a href=\"mailto:sav@montaleparfums.com.tn\">sav@montaleparfums.com.tn<\/a> en pr\u00e9cisant l\u2019objet \u00ab\u00a0Annuler l\u2019utilisation de les donn\u00e9es personnelles\u00a0\u00bb. Vos donn\u00e9es personnelles seront supprim\u00e9es conform\u00e9ment aux conditions g\u00e9n\u00e9rales de vente (disponible sur le site).<\/p><ol start=\"4\"><li style=\"font-weight: 400;\"><strong> La dur\u00e9e de conservation de Vos Donn\u00e9es Personnelles<\/strong><\/li><\/ol><p style=\"font-weight: 400;\">Vos Donn\u00e9es Personnelles sont conserv\u00e9es pendant toute la dur\u00e9e de Vos relations avec Nous et pour une dur\u00e9e qui n&rsquo;exc\u00e8de pas la dur\u00e9e n\u00e9cessaire aux finalit\u00e9s pour lesquelles elles sont collect\u00e9es et trait\u00e9es dans le cadre de Notre relation avec Vous.<\/p><p style=\"font-weight: 400;\">Si Vous comptez parmi nos clients et avez proc\u00e9d\u00e9 \u00e0 la cr\u00e9ation d\u2019un compte client, Vos Donn\u00e9es Personnelles sont conserv\u00e9es pour une dur\u00e9e de trois ans \u00e0 compter de l\u2019expiration de ce compte.<\/p><p style=\"font-weight: 400;\">Si Vous comptez parmi nos prospects, Vos Donn\u00e9es Personnelles sont conserv\u00e9es pour une dur\u00e9e de trois ans \u00e0 compter de leur collecte ou de votre derni\u00e8re r\u00e9ponse \u00e0 nos sollicitations.<\/p><p style=\"font-weight: 400;\">Certaines Donn\u00e9es Personnelles sont toutefois susceptibles d\u2019\u00eatre conserv\u00e9es pour des dur\u00e9es sup\u00e9rieures \u00e0 celles indiqu\u00e9es ci-dessous lorsqu\u2019une telle conservation est pr\u00e9vue par la loi, ou lorsque cette conservation est n\u00e9cessaire en cas de litige.<\/p><ol start=\"5\"><li style=\"font-weight: 400;\"><strong> Quelles sont les personnes ayant acc\u00e8s \u00e0 Vos Donn\u00e9es Personnelles ?<\/strong><\/li><\/ol><p style=\"font-weight: 400;\">Nous collectons et traitons Vos Donn\u00e9es Personnelles uniquement pour Nos propres besoins et ne les revendons en aucun cas \u00e0 des tiers.<\/p><p style=\"font-weight: 400;\">Afin d\u2019assurer la gestion de Notre Site, Vos Donn\u00e9es Personnelles sont toutefois susceptibles d\u2019\u00eatre communiqu\u00e9es :<\/p><p style=\"font-weight: 400;\">\u00e0 d\u2019autres destinataires, qui les traitent pour leur compte. Il s\u2019agit des autorit\u00e9s polici\u00e8res ou judiciaires dans le cadre de demandes conform\u00e9ment \u00e0 la l\u00e9gislation en vigueur.<\/p><p style=\"font-weight: 400;\">ou<\/p><p style=\"font-weight: 400;\">\u00e0 nos sous-traitants, qui les traitent pour Notre compte et selon Nos instructions. Il s\u2019agit de Nos prestataires de services qui interviennent dans le cadre des missions que Nous leur confions en rapport avec :<\/p><ul><li>l\u2019enregistrement de commandes, la gestion de leur suivi, la facturation et la gestion des stock ;<\/li><li>le paiement s\u00e9curis\u00e9 sur Notre Site ;<\/li><li>l\u2019assistance par Notre service client ;<\/li><li>le recueil et la gestion des avis clients ;<\/li><li>la gestion de la fid\u00e9lisation des clients et de campagne de prospection commerciale ;<\/li><li>le d\u00e9veloppement, la maintenance et l\u2019h\u00e9bergement de Notre Site ;<\/li><li>la mise en place de cookies et la mesure d\u2019audience ;<\/li><li>la communication via les r\u00e9seaux sociaux.<\/li><\/ul><ol start=\"6\"><li style=\"font-weight: 400;\"><strong> Comment est assur\u00e9e la s\u00e9curit\u00e9 de Vos Donn\u00e9es Personnelles ?<\/strong><\/li><\/ol><p style=\"font-weight: 400;\">En tant que responsable de traitement, WTD applique des mesures strictes de confidentialit\u00e9 des donn\u00e9es.<\/p><p style=\"font-weight: 400;\">En particulier, WTD utilise des techniques d\u2019authentification et de cryptage, notamment lors de la transmission de Vos donn\u00e9es bancaires pour effectuer le paiement d\u2019un achat via les prestataires de paiement propos\u00e9s.<\/p><p style=\"font-weight: 400;\">Nous Vous invitons \u00e0 ne pas communiquer Vos informations confidentielles telle que Votre mot de passe qui prot\u00e8ge Votre compte utilisateur.<\/p><p style=\"font-weight: 400;\">De plus, Nous Vous conseillons d\u2019utiliser un mot de passe fiable et unique et de le changer r\u00e9guli\u00e8rement.<\/p><p style=\"font-weight: 400;\">Enfin, si Vous pensez que quelqu\u2019un utilise Votre compte client ill\u00e9galement, veuillez Nous pr\u00e9venir imm\u00e9diatement.<\/p><p style=\"font-weight: 400;\">Vos donn\u00e9es sont s\u00e9curis\u00e9es et ne sont accessibles qu\u2019aux personnes susvis\u00e9es \u00e0 l\u2019article 5 de la pr\u00e9sente Politique.<\/p><ol start=\"7\"><li style=\"font-weight: 400;\"><strong> Quels sont les droits dont Vous disposez ?<\/strong><\/li><\/ol><p style=\"font-weight: 400;\">Vous jouissez d\u2019un certain nombre de droits concernant Vos Donn\u00e9es Personnelles et leur Traitement.<\/p><ul><li><strong>Droit d\u2019information sur le Traitement de Vos Donn\u00e9es Personnelles<\/strong><\/li><\/ul><p style=\"font-weight: 400;\">WTD s\u2019efforce de Vous offrir une information ais\u00e9ment accessible, en des termes clairs et simples, sur les conditions du Traitement de Vos Donn\u00e9es Personnelles.<\/p><p style=\"font-weight: 400;\">Vous pouvez en particulier \u00eatre inform\u00e9 de l\u2019usage qui est fait de Vos Donn\u00e9es Personnelles par le biais de la pr\u00e9sente Politique.<\/p><ul><li><strong>Droit d\u2019acc\u00e8s, de rectification et \u00e0 l\u2019effacement (\u00ab droit \u00e0 l\u2019oubli \u00bb) et droit \u00e0 la limitation du traitement<\/strong><\/li><\/ul><p style=\"font-weight: 400;\">L\u2019exercice de ces droits requiert la possibilit\u00e9 pour le Responsable de Traitement d\u2019identifier la Personne Concern\u00e9e afin de lui communiquer les Donn\u00e9es Personnelles le concernant, de Vous les communiquer, de les effacer, de limiter leur utilisation ou encore de les rectifier.<\/p><p style=\"font-weight: 400;\">Si Vous disposez d\u2019un compte client, Vous pouvez directement acc\u00e9der aux donn\u00e9es contenues dans votre compte client en ligne, \u00e0 l\u2019historique de Vos transactions, ainsi qu\u2019\u00e0 Vos choix en mati\u00e8re d\u2019abonnement.<\/p><p style=\"font-weight: 400;\">Cet acc\u00e8s Vous permet \u00e9galement de corriger, modifier ou supprimer Vos donn\u00e9es d\u2019identification et Vos coordonn\u00e9es.<\/p><p style=\"font-weight: 400;\">Lorsque le Traitement de Vos Donn\u00e9es Personnelles repose sur Votre consentement, Vous pouvez \u00e0 tout moment le retirer.<\/p><p style=\"font-weight: 400;\">En particulier, ce droit s\u2019exerce en modifiant Votre option d\u2019abonnement \u00e0 la newsletter.<\/p><p style=\"font-weight: 400;\">Vous pouvez \u00e9galement demander la suppression de Vos Donn\u00e9es Personnelles mais aussi que Nous arr\u00eations temporairement ou d\u00e9finitivement le Traitement de Vos Donn\u00e9es Personnelles dans la limite pr\u00e9vue par la R\u00e8glementation Applicable.<\/p><ul><li><strong>Droit d\u2019opposition<\/strong><\/li><\/ul><p style=\"font-weight: 400;\">Vous pouvez Vous opposer au Traitement de Vos Donn\u00e9es Personnelles pour des motifs tenant \u00e0 Votre situation personnelle.<\/p><ul><li><strong>Droit d\u2019introduire une r\u00e9clamation aupr\u00e8s d\u2019une autorit\u00e9 de contr\u00f4le<\/strong><\/li><\/ul><p style=\"font-weight: 400;\">Si malgr\u00e9 les efforts de WTD pour pr\u00e9server la confidentialit\u00e9 de Vos donn\u00e9es et prot\u00e9ger Votre vie priv\u00e9e, Vous estimiez que Vos droits ne sont pas respect\u00e9s, Vous b\u00e9n\u00e9ficiez de la facult\u00e9 d\u2019introduire une r\u00e9clamation aupr\u00e8s d\u2019une Autorit\u00e9 de Contr\u00f4le.<\/p><p style=\"font-weight: 400;\">L\u2019Autorit\u00e9 de Contr\u00f4le Tunisienne est l\u2019Agence de protections des donn\u00e9es priv\u00e9es.<\/p><ul><li><strong>Comment Nous contacter pour exercer Vos droits ?<\/strong><\/li><\/ul><p style=\"font-weight: 400;\">Pour toute question et\/ou pour exercer Vos droits, Vous pouvez Vous adresser \u00e0 Nous, par voie \u00e9lectronique ou postale, en envoyant un courrier accompagn\u00e9 d\u2019une copie de tout document d\u2019identit\u00e9 valide \u00e0 l\u2019adresse suivante :\u00a0<u>sav@montaleparfums.com<\/u><u>.tn<\/u>\u00a0ou WTD, 67 Av Alain Savary, Les jardins 2, 1002, Tunisie.<\/p><p style=\"font-weight: 400;\">Nous Nous engageons \u00e0 Vous r\u00e9pondre dans les meilleurs d\u00e9lais, et en tout \u00e9tat de cause, dans un d\u00e9lai d&rsquo;un mois \u00e0 compter de la r\u00e9ception de Votre demande.<\/p><ol start=\"8\"><li style=\"font-weight: 400;\"><strong>8<\/strong><strong>. Modification de la Politique de Confidentialit\u00e9<\/strong><\/li><\/ol><p style=\"font-weight: 400;\">WTD est susceptible de faire \u00e9voluer ses Traitements, dans la limite du respect de la R\u00e8glementation Applicable, et s\u2019engage \u00e0 mettre \u00e0 jour la Politique en cons\u00e9quence.<\/p><ol start=\"9\"><li style=\"font-weight: 400;\"><strong>9<\/strong><strong>. Droit applicable et r\u00e9solution des litiges<\/strong><\/li><\/ol><p style=\"font-weight: 400;\">La pr\u00e9sente Politique est soumise au droit Tunisien. En cas de litige et dans le cas o\u00f9 un accord amiable ne pourrait intervenir, le tribunal de Tunis est comp\u00e9tent.<\/p>\t\t\t\t\t\t\t\t<\/div>\n\t\t\t\t<\/div>\n\t\t\t\t\t<\/div>\n\t\t<\/div>\n\t\t\t\t\t<\/div>\n\t\t<\/section>\n\t\t\t\t<\/div>\n\t\t","protected":false},"excerpt":{"rendered":"<p>POLITIQUE DE CONFIDENTIALITEET DE PROTECTION DES DONNEES PERSONELLES La pr\u00e9sente politique de confidentialit\u00e9 (la \u00ab\u00a0Politique\u00a0\u00bb) a pour objet de d\u00e9crire de fa\u00e7on claire et synth\u00e9tique la mani\u00e8re dont la soci\u00e9t\u00e9 WTD WORLD TRADE &amp; DISTRIBUTION (\u00ab\u00a0WTD\u00a0\u00bb, \u00ab\u00a0Nous\u00a0\u00bb, \u00ab\u00a0Notre\u00a0\u00bb) traite les Donn\u00e9es Personnelles de ses clients. WTD accorde une grande attention \u00e0 la protection et la &hellip;<\/p>\n<p class=\"read-more\"> <a class=\"\" href=\"https:\/\/montaleparfums.com.tn\/index.php\/politique-de-confidentialite\/\"> <span class=\"screen-reader-text\">Politique de confidentialit\u00e9<\/span> Lire la suite\u00a0\u00bb<\/a><\/p>\n","protected":false},"author":1,"featured_media":0,"parent":0,"menu_order":0,"comment_status":"closed","ping_status":"open","template":"","meta":{"site-sidebar-layout":"default","site-content-layout":"default","ast-global-header-display":"","ast-main-header-display":"","ast-hfb-above-header-display":"","ast-hfb-below-header-display":"","ast-hfb-mobile-header-display":"","site-post-title":"","ast-breadcrumbs-content":"","ast-featured-img":"","footer-sml-layout":"","theme-transparent-header-meta":"","adv-header-id-meta":"","stick-header-meta":"","header-above-stick-meta":"","header-main-stick-meta":"","header-below-stick-meta":"","footnotes":""},"class_list":["post-3","page","type-page","status-publish","hentry"],"_links":{"self":[{"href":"https:\/\/montaleparfums.com.tn\/index.php\/wp-json\/wp\/v2\/pages\/3","targetHints":{"allow":["GET"]}}],"collection":[{"href":"https:\/\/montaleparfums.com.tn\/index.php\/wp-json\/wp\/v2\/pages"}],"about":[{"href":"https:\/\/montaleparfums.com.tn\/index.php\/wp-json\/wp\/v2\/types\/page"}],"author":[{"embeddable":true,"href":"https:\/\/montaleparfums.com.tn\/index.php\/wp-json\/wp\/v2\/users\/1"}],"replies":[{"embeddable":true,"href":"https:\/\/montaleparfums.com.tn\/index.php\/wp-json\/wp\/v2\/comments?post=3"}],"version-history":[{"count":9,"href":"https:\/\/montaleparfums.com.tn\/index.php\/wp-json\/wp\/v2\/pages\/3\/revisions"}],"predecessor-version":[{"id":4580,"href":"https:\/\/montaleparfums.com.tn\/index.php\/wp-json\/wp\/v2\/pages\/3\/revisions\/4580"}],"wp:attachment":[{"href":"https:\/\/montaleparfums.com.tn\/index.php\/wp-json\/wp\/v2\/media?parent=3"}],"curies":[{"name":"wp","href":"https:\/\/api.w.org\/{rel}","templated":true}]}}